{"id":514,"date":"2020-08-26T03:32:27","date_gmt":"2020-08-26T03:32:27","guid":{"rendered":"http:\/\/july.commonsupport.com\/electman\/?page_id=514"},"modified":"2023-05-22T16:47:43","modified_gmt":"2023-05-22T13:47:43","slug":"hizmetlerimiz","status":"publish","type":"page","link":"https:\/\/www.mimarelektrik.com.tr\/index.php\/hizmetlerimiz\/","title":{"rendered":"Hizmetlerimiz"},"content":{"rendered":"\t\t<div data-elementor-type=\"wp-page\" data-elementor-id=\"514\" class=\"elementor elementor-514\">\n\t\t\t\t\t\t\t\t\t<section class=\"elementor-section elementor-top-section elementor-element elementor-element-c206df9 elementor-section-stretched elementor-section-full_width elementor-section-height-default elementor-section-height-default\" data-id=\"c206df9\" data-element_type=\"section\" data-settings=\"{&quot;stretch_section&quot;:&quot;section-stretched&quot;,&quot;background_background&quot;:&quot;classic&quot;}\">\n\t\t\t\t\t\t\t<div class=\"elementor-background-overlay\"><\/div>\n\t\t\t\t\t\t\t<div class=\"elementor-container elementor-column-gap-no\">\n\t\t\t\t\t<div class=\"elementor-column elementor-col-100 elementor-top-column elementor-element elementor-element-b618e4b\" data-id=\"b618e4b\" data-element_type=\"column\">\n\t\t\t<div class=\"elementor-widget-wrap elementor-element-populated\">\n\t\t\t\t\t\t\t\t<div class=\"elementor-element elementor-element-36cf988 e-transform elementor-invisible elementor-widget elementor-widget-electman_service_img\" data-id=\"36cf988\" data-element_type=\"widget\" data-settings=\"{&quot;_animation&quot;:&quot;pulse&quot;,&quot;_transform_translateX_effect&quot;:{&quot;unit&quot;:&quot;px&quot;,&quot;size&quot;:0,&quot;sizes&quot;:[]},&quot;_transform_translateX_effect_tablet&quot;:{&quot;unit&quot;:&quot;px&quot;,&quot;size&quot;:&quot;&quot;,&quot;sizes&quot;:[]},&quot;_transform_translateX_effect_mobile&quot;:{&quot;unit&quot;:&quot;px&quot;,&quot;size&quot;:&quot;&quot;,&quot;sizes&quot;:[]},&quot;_transform_translateY_effect&quot;:{&quot;unit&quot;:&quot;px&quot;,&quot;size&quot;:&quot;&quot;,&quot;sizes&quot;:[]},&quot;_transform_translateY_effect_tablet&quot;:{&quot;unit&quot;:&quot;px&quot;,&quot;size&quot;:&quot;&quot;,&quot;sizes&quot;:[]},&quot;_transform_translateY_effect_mobile&quot;:{&quot;unit&quot;:&quot;px&quot;,&quot;size&quot;:&quot;&quot;,&quot;sizes&quot;:[]}}\" data-widget_type=\"electman_service_img.default\">\n\t\t\t\t<div class=\"elementor-widget-container\">\n\t\t\t\t\t\n\n\t\t\n\t\t\n\t\t\n\n\t <script>\n jQuery(document).ready(function($) {\n\n\/\/put the js code under this line \n\n\t\tif ($(\".theme_carousel\").length) {\n\t\t\t$(\".theme_carousel\").each(function (index) {\n\t\t\tvar $owlAttr = {},\n\t\t\t$extraAttr = $(this).data(\"options\");\n\t\t\t$.extend($owlAttr, $extraAttr);\n\t\t\t$(this).owlCarousel($owlAttr);\n\t\t});\n\t}\n\n\/\/put the code above the line \n\n  });\n<\/script>\t\n\t\t\n\t\t\n\t\t\n\t\t\n\t\t\n\t\t\n\t\t\n\t\t\n\t\t\n\t\t\n\t\t\n\t\t\n\n\t\t<!--Programs Section-->\n\t\t<section class=\"two programs-section-one\">\n\t\t\t<div class=\"bg-pattern-layer\"><\/div>\n\t\t\t<div class=\"auto-container\">\n\t\t\t\t\t\t\t\t<div class=\"sec-title centered wow fadeInUp\" data-wow-delay=\"0ms\"  data-wow-duration=\"2000ms\">\n\t\t\t\t\t<div class=\"upper-text\"><span class=\"logo_bolt2\"><img decoding=\"async\" src=\"https:\/\/www.mimarelektrik.com.tr\/wp-content\/uploads\/2020\/08\/bolt-1.gif\" alt=\"\"><\/span> Mimar Elektrik<\/div>\n\t\t\t\t\t<h2>H\u0130ZMETLER\u0130M\u0130Z<\/h2>\n\t\t\t\t\t\n\t\t\t\t\t<div class=\"bottom-dots clearfix\">\n\t\t\t\t\t\t<span class=\"dot line-dot\"><\/span>\n\t\t\t\t\t\t<span class=\"dot\"><\/span>\n\t\t\t\t\t\t<span class=\"dot\"><\/span>\n\t\t\t\t\t\t<span class=\"dot\"><\/span>\n\t\t\t\t\t<\/div>\n\t\t\t\t<\/div>\n\t\t\t\t\n\t\t\t\t<div class=\"program-carousel theme_carousel owl-theme owl-carousel\" data-options='{\"loop\": true, \"margin\": 30, \"autoheight\":true, \"lazyload\":true, \"nav\": true, \"dots\": true, \"autoplay\": true, \"autoplayTimeout\": 6000, \"smartSpeed\": 500, \"responsive\":{ \"0\" :{ \"items\": \"1\" }, \"600\" :{ \"items\" : \"2\" }, \"768\" :{ \"items\" : \"2\" }, \"1024\":{ \"items\" : \"3\" }, \"1200\":{ \"items\" : \"4\" }}}'>\n\t\t\t\t\n\t\t\t\t\t\t\n\t\t\t\t\n\t\t\t\t\t<!--Program Block-->\n\t\t\t\t\t<div class=\"program-block\">\n\t\t\t\t\t\t<div class=\"inner-box\">\n\t\t\t\t\t\t\t<div class=\"image-box\">\n\t\t\t\t\t\t\t\t<figure class=\"image\"><img decoding=\"async\" src=\"https:\/\/www.mimarelektrik.com.tr\/wp-content\/uploads\/2023\/05\/KabloMimarElektrik.png\" alt=\"\"><\/figure>\n\t\t\t\t\t\t\t\t<div class=\"hover-box\">\n\t\t\t\t\t\t\t\t\t<div class=\"hover-inner\">\n\t\t\t\t\t\t\t\t\t\t<div class=\"content\">\n\t\t\t\t\t\t\t\t\t\t\t<div class=\"icon-box\"><span class=\"icon flaticon-chimney-1\"><\/span><\/div>\n\t\t\t\t\t\t\t\t\t\t\t<div class=\"text\"><\/div>\n\t\t\t\t\t\t\t\t\t\t<\/div>\n\t\t\t\t\t\t\t\t\t<\/div>\n\t\t\t\t\t\t\t\t<\/div>\n\t\t\t\t\t\t\t<\/div>\n\t\t\t\t\t\t\t<h3><a href=\"https:\/\/i.hizliresim.com\/b0vjve8.png\">Kablo \u00c7e\u015fitleri<\/a><\/h3>\n\t\t\t\t\t\t<\/div>\n\t\t\t\t\t<\/div>\n\t\t\t\t\t\n\t\t\t\t\t\t\n\t\t\t\t\n\t\t\t\t\t<!--Program Block-->\n\t\t\t\t\t<div class=\"program-block\">\n\t\t\t\t\t\t<div class=\"inner-box\">\n\t\t\t\t\t\t\t<div class=\"image-box\">\n\t\t\t\t\t\t\t\t<figure class=\"image\"><img decoding=\"async\" src=\"https:\/\/www.mimarelektrik.com.tr\/wp-content\/uploads\/2023\/05\/MimarElektrikAnahtarPrizz.png\" alt=\"\"><\/figure>\n\t\t\t\t\t\t\t\t<div class=\"hover-box\">\n\t\t\t\t\t\t\t\t\t<div class=\"hover-inner\">\n\t\t\t\t\t\t\t\t\t\t<div class=\"content\">\n\t\t\t\t\t\t\t\t\t\t\t<div class=\"icon-box\"><span class=\"icon flaticon-chimney-1\"><\/span><\/div>\n\t\t\t\t\t\t\t\t\t\t\t<div class=\"text\"><\/div>\n\t\t\t\t\t\t\t\t\t\t<\/div>\n\t\t\t\t\t\t\t\t\t<\/div>\n\t\t\t\t\t\t\t\t<\/div>\n\t\t\t\t\t\t\t<\/div>\n\t\t\t\t\t\t\t<h3><a href=\"https:\/\/drive.google.com\/file\/d\/1Fs-7cUnNQkWB_WMMcqfioci_knYUWCx9\/view\">Anahtar Priz<\/a><\/h3>\n\t\t\t\t\t\t<\/div>\n\t\t\t\t\t<\/div>\n\t\t\t\t\t\n\t\t\t\t\t\t\n\t\t\t\t\n\t\t\t\t\t<!--Program Block-->\n\t\t\t\t\t<div class=\"program-block\">\n\t\t\t\t\t\t<div class=\"inner-box\">\n\t\t\t\t\t\t\t<div class=\"image-box\">\n\t\t\t\t\t\t\t\t<figure class=\"image\"><img decoding=\"async\" src=\"https:\/\/www.mimarelektrik.com.tr\/wp-content\/uploads\/2023\/05\/1_org_zoom34.png\" alt=\"\"><\/figure>\n\t\t\t\t\t\t\t\t<div class=\"hover-box\">\n\t\t\t\t\t\t\t\t\t<div class=\"hover-inner\">\n\t\t\t\t\t\t\t\t\t\t<div class=\"content\">\n\t\t\t\t\t\t\t\t\t\t\t<div class=\"icon-box\"><span class=\"icon flaticon-chimney-1\"><\/span><\/div>\n\t\t\t\t\t\t\t\t\t\t\t<div class=\"text\"><\/div>\n\t\t\t\t\t\t\t\t\t\t<\/div>\n\t\t\t\t\t\t\t\t\t<\/div>\n\t\t\t\t\t\t\t\t<\/div>\n\t\t\t\t\t\t\t<\/div>\n\t\t\t\t\t\t\t<h3><a href=\"http:\/\/www.mimarelektrik.com.tr\/\">Kangal Boru \u00c7e\u015fitleri<\/a><\/h3>\n\t\t\t\t\t\t<\/div>\n\t\t\t\t\t<\/div>\n\t\t\t\t\t\n\t\t\t\t\t\t\n\t\t\t\t\n\t\t\t\t\t<!--Program Block-->\n\t\t\t\t\t<div class=\"program-block\">\n\t\t\t\t\t\t<div class=\"inner-box\">\n\t\t\t\t\t\t\t<div class=\"image-box\">\n\t\t\t\t\t\t\t\t<figure class=\"image\"><img decoding=\"async\" src=\"https:\/\/www.mimarelektrik.com.tr\/wp-content\/uploads\/2023\/05\/spiral-boru-2123.png\" alt=\"\"><\/figure>\n\t\t\t\t\t\t\t\t<div class=\"hover-box\">\n\t\t\t\t\t\t\t\t\t<div class=\"hover-inner\">\n\t\t\t\t\t\t\t\t\t\t<div class=\"content\">\n\t\t\t\t\t\t\t\t\t\t\t<div class=\"icon-box\"><span class=\"icon flaticon-chimney-1\"><\/span><\/div>\n\t\t\t\t\t\t\t\t\t\t\t<div class=\"text\"><\/div>\n\t\t\t\t\t\t\t\t\t\t<\/div>\n\t\t\t\t\t\t\t\t\t<\/div>\n\t\t\t\t\t\t\t\t<\/div>\n\t\t\t\t\t\t\t<\/div>\n\t\t\t\t\t\t\t<h3><a href=\"http:\/\/www.mimarelektrik.com.tr\/\">Spiral Boru \u00c7e\u015fitleri<\/a><\/h3>\n\t\t\t\t\t\t<\/div>\n\t\t\t\t\t<\/div>\n\t\t\t\t\t\n\t\t\t\t\t\t\n\t\t\t\t\n\t\t\t\t\t<!--Program Block-->\n\t\t\t\t\t<div class=\"program-block\">\n\t\t\t\t\t\t<div class=\"inner-box\">\n\t\t\t\t\t\t\t<div class=\"image-box\">\n\t\t\t\t\t\t\t\t<figure class=\"image\"><img decoding=\"async\" src=\"https:\/\/www.mimarelektrik.com.tr\/wp-content\/uploads\/2023\/05\/231231.png\" alt=\"\"><\/figure>\n\t\t\t\t\t\t\t\t<div class=\"hover-box\">\n\t\t\t\t\t\t\t\t\t<div class=\"hover-inner\">\n\t\t\t\t\t\t\t\t\t\t<div class=\"content\">\n\t\t\t\t\t\t\t\t\t\t\t<div class=\"icon-box\"><span class=\"icon flaticon-chimney-1\"><\/span><\/div>\n\t\t\t\t\t\t\t\t\t\t\t<div class=\"text\"><\/div>\n\t\t\t\t\t\t\t\t\t\t<\/div>\n\t\t\t\t\t\t\t\t\t<\/div>\n\t\t\t\t\t\t\t\t<\/div>\n\t\t\t\t\t\t\t<\/div>\n\t\t\t\t\t\t\t<h3><a href=\"http:\/\/www.mimarelektrik.com.tr\/\">S\u0131va Alt\u0131 Spot \u00c7e\u015fitleri<\/a><\/h3>\n\t\t\t\t\t\t<\/div>\n\t\t\t\t\t<\/div>\n\t\t\t\t\t\n\t\t\t\t\t\t\n\t\t\t\t\n\t\t\t\t\t<!--Program Block-->\n\t\t\t\t\t<div class=\"program-block\">\n\t\t\t\t\t\t<div class=\"inner-box\">\n\t\t\t\t\t\t\t<div class=\"image-box\">\n\t\t\t\t\t\t\t\t<figure class=\"image\"><img decoding=\"async\" src=\"https:\/\/www.mimarelektrik.com.tr\/wp-content\/uploads\/2023\/05\/ledspot.png\" alt=\"\"><\/figure>\n\t\t\t\t\t\t\t\t<div class=\"hover-box\">\n\t\t\t\t\t\t\t\t\t<div class=\"hover-inner\">\n\t\t\t\t\t\t\t\t\t\t<div class=\"content\">\n\t\t\t\t\t\t\t\t\t\t\t<div class=\"icon-box\"><span class=\"icon flaticon-chimney-1\"><\/span><\/div>\n\t\t\t\t\t\t\t\t\t\t\t<div class=\"text\"><\/div>\n\t\t\t\t\t\t\t\t\t\t<\/div>\n\t\t\t\t\t\t\t\t\t<\/div>\n\t\t\t\t\t\t\t\t<\/div>\n\t\t\t\t\t\t\t<\/div>\n\t\t\t\t\t\t\t<h3><a href=\"http:\/\/www.mimarelektrik.com.tr\/\">Ray Spot \u00c7e\u015fitleri<\/a><\/h3>\n\t\t\t\t\t\t<\/div>\n\t\t\t\t\t<\/div>\n\t\t\t\t\t\n\t\t\t\t\t\t\n\t\t\t\t\n\t\t\t\t\t<!--Program Block-->\n\t\t\t\t\t<div class=\"program-block\">\n\t\t\t\t\t\t<div class=\"inner-box\">\n\t\t\t\t\t\t\t<div class=\"image-box\">\n\t\t\t\t\t\t\t\t<figure class=\"image\"><img decoding=\"async\" src=\"https:\/\/www.mimarelektrik.com.tr\/wp-content\/uploads\/2023\/05\/sigoer23232.png\" alt=\"\"><\/figure>\n\t\t\t\t\t\t\t\t<div class=\"hover-box\">\n\t\t\t\t\t\t\t\t\t<div class=\"hover-inner\">\n\t\t\t\t\t\t\t\t\t\t<div class=\"content\">\n\t\t\t\t\t\t\t\t\t\t\t<div class=\"icon-box\"><span class=\"icon flaticon-chimney-1\"><\/span><\/div>\n\t\t\t\t\t\t\t\t\t\t\t<div class=\"text\"><\/div>\n\t\t\t\t\t\t\t\t\t\t<\/div>\n\t\t\t\t\t\t\t\t\t<\/div>\n\t\t\t\t\t\t\t\t<\/div>\n\t\t\t\t\t\t\t<\/div>\n\t\t\t\t\t\t\t<h3><a href=\"http:\/\/www.mimarelektrik.com.tr\/\">Sigorta \u00c7e\u015fitleri<\/a><\/h3>\n\t\t\t\t\t\t<\/div>\n\t\t\t\t\t<\/div>\n\t\t\t\t\t\n\t\t\t\t\t\t\n\t\t\t\t\n\t\t\t\t\t<!--Program Block-->\n\t\t\t\t\t<div class=\"program-block\">\n\t\t\t\t\t\t<div class=\"inner-box\">\n\t\t\t\t\t\t\t<div class=\"image-box\">\n\t\t\t\t\t\t\t\t<figure class=\"image\"><img decoding=\"async\" src=\"https:\/\/www.mimarelektrik.com.tr\/wp-content\/uploads\/2023\/05\/mimarelektrikpano.png\" alt=\"\"><\/figure>\n\t\t\t\t\t\t\t\t<div class=\"hover-box\">\n\t\t\t\t\t\t\t\t\t<div class=\"hover-inner\">\n\t\t\t\t\t\t\t\t\t\t<div class=\"content\">\n\t\t\t\t\t\t\t\t\t\t\t<div class=\"icon-box\"><span class=\"icon flaticon-chimney-1\"><\/span><\/div>\n\t\t\t\t\t\t\t\t\t\t\t<div class=\"text\"><\/div>\n\t\t\t\t\t\t\t\t\t\t<\/div>\n\t\t\t\t\t\t\t\t\t<\/div>\n\t\t\t\t\t\t\t\t<\/div>\n\t\t\t\t\t\t\t<\/div>\n\t\t\t\t\t\t\t<h3><a href=\"https:\/\/yilpapano.com\/pdf\/Y%C4%B1lpa%20Katalog%20Fiyat%20Listesi%202023.pdf\">Pano \u00c7e\u015fitleri<\/a><\/h3>\n\t\t\t\t\t\t<\/div>\n\t\t\t\t\t<\/div>\n\t\t\t\t\t\n\t\t\t\t\t\t\n\t\t\t\t\n\t\t\t\t\t<!--Program Block-->\n\t\t\t\t\t<div class=\"program-block\">\n\t\t\t\t\t\t<div class=\"inner-box\">\n\t\t\t\t\t\t\t<div class=\"image-box\">\n\t\t\t\t\t\t\t\t<figure class=\"image\"><img decoding=\"async\" src=\"https:\/\/www.mimarelektrik.com.tr\/wp-content\/uploads\/2023\/05\/audio123.png\" alt=\"\"><\/figure>\n\t\t\t\t\t\t\t\t<div class=\"hover-box\">\n\t\t\t\t\t\t\t\t\t<div class=\"hover-inner\">\n\t\t\t\t\t\t\t\t\t\t<div class=\"content\">\n\t\t\t\t\t\t\t\t\t\t\t<div class=\"icon-box\"><span class=\"icon flaticon-chimney-1\"><\/span><\/div>\n\t\t\t\t\t\t\t\t\t\t\t<div class=\"text\"><\/div>\n\t\t\t\t\t\t\t\t\t\t<\/div>\n\t\t\t\t\t\t\t\t\t<\/div>\n\t\t\t\t\t\t\t\t<\/div>\n\t\t\t\t\t\t\t<\/div>\n\t\t\t\t\t\t\t<h3><a href=\"https:\/\/www.audio.com.tr\/wp-content\/uploads\/2023\/03\/2023-1-Fiyat-Listesi-WEB_2.pdf\">Audio G\u00f6r\u00fcnt\u00fcl\u00fc Diafon<\/a><\/h3>\n\t\t\t\t\t\t<\/div>\n\t\t\t\t\t<\/div>\n\t\t\t\t\t\n\t\t\t\t\t\t\n\t\t\t\t\n\t\t\t\t\t<!--Program Block-->\n\t\t\t\t\t<div class=\"program-block\">\n\t\t\t\t\t\t<div class=\"inner-box\">\n\t\t\t\t\t\t\t<div class=\"image-box\">\n\t\t\t\t\t\t\t\t<figure class=\"image\"><img decoding=\"async\" src=\"https:\/\/www.mimarelektrik.com.tr\/wp-content\/uploads\/2023\/05\/232321214141.png\" alt=\"\"><\/figure>\n\t\t\t\t\t\t\t\t<div class=\"hover-box\">\n\t\t\t\t\t\t\t\t\t<div class=\"hover-inner\">\n\t\t\t\t\t\t\t\t\t\t<div class=\"content\">\n\t\t\t\t\t\t\t\t\t\t\t<div class=\"icon-box\"><span class=\"icon flaticon-chimney-1\"><\/span><\/div>\n\t\t\t\t\t\t\t\t\t\t\t<div class=\"text\"><\/div>\n\t\t\t\t\t\t\t\t\t\t<\/div>\n\t\t\t\t\t\t\t\t\t<\/div>\n\t\t\t\t\t\t\t\t<\/div>\n\t\t\t\t\t\t\t<\/div>\n\t\t\t\t\t\t\t<h3><a href=\"https:\/\/www.mutlusan.com.tr\/Upload\/Urun-Katalogu-2023.pdf\">Grup Priz \u00c7e\u015fitleri<\/a><\/h3>\n\t\t\t\t\t\t<\/div>\n\t\t\t\t\t<\/div>\n\t\t\t\t\t\n\t\t\t\t\t\t\n\t\t\t\t\n\t\t\t\t\t<!--Program Block-->\n\t\t\t\t\t<div class=\"program-block\">\n\t\t\t\t\t\t<div class=\"inner-box\">\n\t\t\t\t\t\t\t<div class=\"image-box\">\n\t\t\t\t\t\t\t\t<figure class=\"image\"><img decoding=\"async\" src=\"https:\/\/www.mimarelektrik.com.tr\/wp-content\/uploads\/2023\/05\/mimarelektrikmalzemeleri96696.png\" alt=\"\"><\/figure>\n\t\t\t\t\t\t\t\t<div class=\"hover-box\">\n\t\t\t\t\t\t\t\t\t<div class=\"hover-inner\">\n\t\t\t\t\t\t\t\t\t\t<div class=\"content\">\n\t\t\t\t\t\t\t\t\t\t\t<div class=\"icon-box\"><span class=\"icon flaticon-chimney-1\"><\/span><\/div>\n\t\t\t\t\t\t\t\t\t\t\t<div class=\"text\"><\/div>\n\t\t\t\t\t\t\t\t\t\t<\/div>\n\t\t\t\t\t\t\t\t\t<\/div>\n\t\t\t\t\t\t\t\t<\/div>\n\t\t\t\t\t\t\t<\/div>\n\t\t\t\t\t\t\t<h3><a href=\"https:\/\/www.mutlusan.com.tr\/Upload\/Urun-Katalogu-2023.pdf\">Elektrik Malzemeleri<\/a><\/h3>\n\t\t\t\t\t\t<\/div>\n\t\t\t\t\t<\/div>\n\t\t\t\t\t\n\t\t\t\t\t\t\n\t\t\t\t\n\t\t\t\t\t<!--Program Block-->\n\t\t\t\t\t<div class=\"program-block\">\n\t\t\t\t\t\t<div class=\"inner-box\">\n\t\t\t\t\t\t\t<div class=\"image-box\">\n\t\t\t\t\t\t\t\t<figure class=\"image\"><img decoding=\"async\" src=\"https:\/\/www.mimarelektrik.com.tr\/wp-content\/uploads\/2023\/05\/AydinlatmaMalzemeleriMimarElektrik.png\" alt=\"\"><\/figure>\n\t\t\t\t\t\t\t\t<div class=\"hover-box\">\n\t\t\t\t\t\t\t\t\t<div class=\"hover-inner\">\n\t\t\t\t\t\t\t\t\t\t<div class=\"content\">\n\t\t\t\t\t\t\t\t\t\t\t<div class=\"icon-box\"><span class=\"icon flaticon-chimney-1\"><\/span><\/div>\n\t\t\t\t\t\t\t\t\t\t\t<div class=\"text\"><\/div>\n\t\t\t\t\t\t\t\t\t\t<\/div>\n\t\t\t\t\t\t\t\t\t<\/div>\n\t\t\t\t\t\t\t\t<\/div>\n\t\t\t\t\t\t\t<\/div>\n\t\t\t\t\t\t\t<h3><a href=\"https:\/\/cata.fra1.cdn.digitaloceanspaces.com\/media\/3477\/cata-2023-fiyat-listesi.pdf\">Ayd\u0131nlatma \u00dcr\u00fcnleri<\/a><\/h3>\n\t\t\t\t\t\t<\/div>\n\t\t\t\t\t<\/div>\n\t\t\t\t\t\n\t\t\t\t\t\t\n\t\t\t\t\n\t\t\t\t\t<!--Program Block-->\n\t\t\t\t\t<div class=\"program-block\">\n\t\t\t\t\t\t<div class=\"inner-box\">\n\t\t\t\t\t\t\t<div class=\"image-box\">\n\t\t\t\t\t\t\t\t<figure class=\"image\"><img decoding=\"async\" src=\"https:\/\/www.mimarelektrik.com.tr\/wp-content\/uploads\/2023\/05\/45345.png\" alt=\"\"><\/figure>\n\t\t\t\t\t\t\t\t<div class=\"hover-box\">\n\t\t\t\t\t\t\t\t\t<div class=\"hover-inner\">\n\t\t\t\t\t\t\t\t\t\t<div class=\"content\">\n\t\t\t\t\t\t\t\t\t\t\t<div class=\"icon-box\"><span class=\"icon flaticon-chimney-1\"><\/span><\/div>\n\t\t\t\t\t\t\t\t\t\t\t<div class=\"text\"><\/div>\n\t\t\t\t\t\t\t\t\t\t<\/div>\n\t\t\t\t\t\t\t\t\t<\/div>\n\t\t\t\t\t\t\t\t<\/div>\n\t\t\t\t\t\t\t<\/div>\n\t\t\t\t\t\t\t<h3><a href=\"http:\/\/www.mimarelektrik.com.tr\/\">Avize \u00c7e\u015fitleri<\/a><\/h3>\n\t\t\t\t\t\t<\/div>\n\t\t\t\t\t<\/div>\n\t\t\t\t\t\n\t\t\t\t\t\t\n\t\t\t\t\n\t\t\t\t\t<!--Program Block-->\n\t\t\t\t\t<div class=\"program-block\">\n\t\t\t\t\t\t<div class=\"inner-box\">\n\t\t\t\t\t\t\t<div class=\"image-box\">\n\t\t\t\t\t\t\t\t<figure class=\"image\"><img decoding=\"async\" src=\"https:\/\/www.mimarelektrik.com.tr\/wp-content\/uploads\/2023\/05\/KablokanalMimar-1.png\" alt=\"\"><\/figure>\n\t\t\t\t\t\t\t\t<div class=\"hover-box\">\n\t\t\t\t\t\t\t\t\t<div class=\"hover-inner\">\n\t\t\t\t\t\t\t\t\t\t<div class=\"content\">\n\t\t\t\t\t\t\t\t\t\t\t<div class=\"icon-box\"><span class=\"icon flaticon-chimney-1\"><\/span><\/div>\n\t\t\t\t\t\t\t\t\t\t\t<div class=\"text\"><\/div>\n\t\t\t\t\t\t\t\t\t\t<\/div>\n\t\t\t\t\t\t\t\t\t<\/div>\n\t\t\t\t\t\t\t\t<\/div>\n\t\t\t\t\t\t\t<\/div>\n\t\t\t\t\t\t\t<h3><a href=\"https:\/\/www.mutlusan.com.tr\/Upload\/Urun-Katalogu-2023.pdf\">Kablo Kanallar\u0131<\/a><\/h3>\n\t\t\t\t\t\t<\/div>\n\t\t\t\t\t<\/div>\n\t\t\t\t\t\n\t\t\t\t\t\t\n\t\t\t\t\n\t\t\t\t\t<!--Program Block-->\n\t\t\t\t\t<div class=\"program-block\">\n\t\t\t\t\t\t<div class=\"inner-box\">\n\t\t\t\t\t\t\t<div class=\"image-box\">\n\t\t\t\t\t\t\t\t<figure class=\"image\"><img decoding=\"async\" src=\"https:\/\/www.mimarelektrik.com.tr\/wp-content\/uploads\/2023\/05\/galvaniz.png\" alt=\"\"><\/figure>\n\t\t\t\t\t\t\t\t<div class=\"hover-box\">\n\t\t\t\t\t\t\t\t\t<div class=\"hover-inner\">\n\t\t\t\t\t\t\t\t\t\t<div class=\"content\">\n\t\t\t\t\t\t\t\t\t\t\t<div class=\"icon-box\"><span class=\"icon flaticon-chimney-1\"><\/span><\/div>\n\t\t\t\t\t\t\t\t\t\t\t<div class=\"text\"><\/div>\n\t\t\t\t\t\t\t\t\t\t<\/div>\n\t\t\t\t\t\t\t\t\t<\/div>\n\t\t\t\t\t\t\t\t<\/div>\n\t\t\t\t\t\t\t<\/div>\n\t\t\t\t\t\t\t<h3><a href=\"http:\/\/www.mimarelektrik.com.tr\/\">Metal Kablo Kanallar\u0131<\/a><\/h3>\n\t\t\t\t\t\t<\/div>\n\t\t\t\t\t<\/div>\n\t\t\t\t\t\n\t\t\t\t\t\n\t\t\t\t<\/div>\n\t\t\t<\/div>\n\t\t<\/section>\n\t\t<!--Services Section Three-->\n            \n\t\t\t\t<\/div>\n\t\t\t\t<\/div>\n\t\t\t\t<div class=\"elementor-element elementor-element-7349136 elementor-widget elementor-widget-electman_cta2\" data-id=\"7349136\" data-element_type=\"widget\" data-widget_type=\"electman_cta2.default\">\n\t\t\t\t<div class=\"elementor-widget-container\">\n\t\t\t\t\t\n\t\t\n\t\t<!--Enquiry Section-->\n\t\t<section class=\" enquiry-section\">\n\t\t\t<div class=\"auto-container\">\n\t\t\t\t\t\t\t\t<div class=\"sec-title centered wow fadeInDown\" data-wow-delay=\"0ms\"  data-wow-duration=\"1000ms\">\n\t\t\t\t\t  \n\t\t\t\t\t<div class=\"upper-text\"><span class=\"logo_bolt2\"><img decoding=\"async\" src=\"https:\/\/www.mimarelektrik.com.tr\/wp-content\/uploads\/2020\/08\/bolt-1.gif\" alt=\"current\"><\/span><\/div>\n\t\t\t\t\t\t\t\t\t\t<h2>Mimar Elektrik<\/h2>\n\t\t\t\t\t\n\t\t\t\t\t<div class=\"bottom-dots clearfix\">\n\t\t\t\t\t\t<span class=\"dot line-dot\"><\/span>\n\t\t\t\t\t\t<span class=\"dot\"><\/span>\n\t\t\t\t\t\t<span class=\"dot\"><\/span>\n\t\t\t\t\t\t<span class=\"dot\"><\/span>\n\t\t\t\t\t<\/div>\n\t\t\t\t<\/div>\n\t\t\t\t\t\t\t\t<div class=\"content-box wow fadeInUp\" data-wow-delay=\"0ms\"  data-wow-duration=\"2000ms\">\n\t\t\t\t\t<div class=\"lower-text\">\n\t\t\t\t\t\t<div class=\"sub-title\">\n\t\t\t\t\t\t\t<span class=\"txt\">H\u0131zl\u0131 \u0130leti\u015fim<\/span>\n\t\t\t\t\t\t<\/div>\n\t\t\t\t\t\t<div class=\"info\"> <img decoding=\"async\" src=\"https:\/\/www.mimarelektrik.com.tr\/wp-content\/uploads\/2020\/10\/icon-call-1-1.png\" alt=\"current\"> <a href=\"tel:\"><br>+90 530 681 86 22 <br>+90 553 657 77 05<\/a><\/div>\n\t\t\t\t\t<\/div>\n\t\t\t\t<\/div>\n\n\t\t\t<\/div>\n\t\t<\/section>\n            \n\t\t\t\t<\/div>\n\t\t\t\t<\/div>\n\t\t\t\t\t<\/div>\n\t\t<\/div>\n\t\t\t\t\t\t\t<\/div>\n\t\t<\/section>\n\t\t\t\t<section class=\"elementor-section elementor-top-section elementor-element elementor-element-476f47c elementor-section-boxed elementor-section-height-default elementor-section-height-default\" data-id=\"476f47c\" data-element_type=\"section\">\n\t\t\t\t\t\t<div class=\"elementor-container elementor-column-gap-default\">\n\t\t\t\t\t<div class=\"elementor-column elementor-col-100 elementor-top-column elementor-element elementor-element-ce422af\" data-id=\"ce422af\" data-element_type=\"column\">\n\t\t\t<div class=\"elementor-widget-wrap\">\n\t\t\t\t\t\t\t\t\t<\/div>\n\t\t<\/div>\n\t\t\t\t\t\t\t<\/div>\n\t\t<\/section>\n\t\t\t\t<section class=\"elementor-section elementor-top-section elementor-element elementor-element-bab1b6e elementor-section-boxed elementor-section-height-default elementor-section-height-default\" data-id=\"bab1b6e\" data-element_type=\"section\">\n\t\t\t\t\t\t<div class=\"elementor-container elementor-column-gap-default\">\n\t\t\t\t\t<div class=\"elementor-column elementor-col-100 elementor-top-column elementor-element elementor-element-c97cf36\" data-id=\"c97cf36\" data-element_type=\"column\">\n\t\t\t<div class=\"elementor-widget-wrap elementor-element-populated\">\n\t\t\t\t\t\t\t\t<div class=\"elementor-element elementor-element-989538d elementor-widget elementor-widget-google_maps\" data-id=\"989538d\" data-element_type=\"widget\" data-widget_type=\"google_maps.default\">\n\t\t\t\t<div class=\"elementor-widget-container\">\n\t\t\t<style>\/*! elementor - v3.10.2 - 29-01-2023 *\/\n.elementor-widget-google_maps .elementor-widget-container{overflow:hidden}.elementor-widget-google_maps iframe{height:300px}<\/style>\t\t<div class=\"elementor-custom-embed\">\n\t\t\t<iframe loading=\"lazy\"\n\t\t\t\t\tsrc=\"https:\/\/maps.google.com\/maps?q=Mimar%20Enerji%20Elektrik%20Kablo%20Yalova%2FMerkez&#038;t=m&#038;z=15&#038;output=embed&#038;iwloc=near\"\n\t\t\t\t\ttitle=\"Mimar Enerji Elektrik Kablo Yalova\/Merkez\"\n\t\t\t\t\taria-label=\"Mimar Enerji Elektrik Kablo Yalova\/Merkez\"\n\t\t\t><\/iframe>\n\t\t<\/div>\n\t\t\t\t<\/div>\n\t\t\t\t<\/div>\n\t\t\t\t\t<\/div>\n\t\t<\/div>\n\t\t\t\t\t\t\t<\/div>\n\t\t<\/section>\n\t\t\t\t\t\t\t<\/div>\n\t\t","protected":false},"excerpt":{"rendered":"<p>Mimar Elektrik H\u0130ZMETLER\u0130M\u0130Z Kablo \u00c7e\u015fitleri Anahtar Priz Kangal Boru \u00c7e\u015fitleri Spiral Boru \u00c7e\u015fitleri S\u0131va Alt\u0131 Spot \u00c7e\u015fitleri Ray Spot \u00c7e\u015fitleri Sigorta \u00c7e\u015fitleri Pano \u00c7e\u015fitleri Audio G\u00f6r\u00fcnt\u00fcl\u00fc Diafon Grup Priz \u00c7e\u015fitleri Elektrik Malzemeleri Ayd\u0131nlatma \u00dcr\u00fcnleri Avize \u00c7e\u015fitleri Kablo Kanallar\u0131 Metal Kablo Kanallar\u0131 Mimar Elektrik H\u0131zl\u0131 \u0130leti\u015fim +90 530 681 86 22 +90 553 657 77 05<\/p>\n","protected":false},"author":1,"featured_media":0,"parent":0,"menu_order":0,"comment_status":"closed","ping_status":"closed","template":"tpl-default-elementor.php","meta":{"_joinchat":[]},"_links":{"self":[{"href":"https:\/\/www.mimarelektrik.com.tr\/index.php\/wp-json\/wp\/v2\/pages\/514"}],"collection":[{"href":"https:\/\/www.mimarelektrik.com.tr\/index.php\/wp-json\/wp\/v2\/pages"}],"about":[{"href":"https:\/\/www.mimarelektrik.com.tr\/index.php\/wp-json\/wp\/v2\/types\/page"}],"author":[{"embeddable":true,"href":"https:\/\/www.mimarelektrik.com.tr\/index.php\/wp-json\/wp\/v2\/users\/1"}],"replies":[{"embeddable":true,"href":"https:\/\/www.mimarelektrik.com.tr\/index.php\/wp-json\/wp\/v2\/comments?post=514"}],"version-history":[{"count":45,"href":"https:\/\/www.mimarelektrik.com.tr\/index.php\/wp-json\/wp\/v2\/pages\/514\/revisions"}],"predecessor-version":[{"id":3486,"href":"https:\/\/www.mimarelektrik.com.tr\/index.php\/wp-json\/wp\/v2\/pages\/514\/revisions\/3486"}],"wp:attachment":[{"href":"https:\/\/www.mimarelektrik.com.tr\/index.php\/wp-json\/wp\/v2\/media?parent=514"}],"curies":[{"name":"wp","href":"https:\/\/api.w.org\/{rel}","templated":true}]}}